 common factor of n and a.
13
Let t(m) = m**3 + 11*m**2 + 11*m + 8. Let x be t(-8). Suppose -4*w + 3*j + 56 = 4*j, -j = -w + 14. What is the greatest common factor of x and w?
14
Let i = 69 - 21. What is the greatest common factor of i and 6?
6
Suppose 0*i = -5*i - 5*x + 25, -5*i - 3*x = -17. Let t = 2 + i. What is the highest common divisor of 9 and t?
3
Let l = 225 + -134. Let o(g) = 2*g + 3. Suppose -c + 6 = -d, 5*c + 2*d = -2*d + 21. Let v be o(c). Calculate the greatest common divisor of v and l.
13
Suppose 4*c - 11 - 9 = 0. Suppose -4*s + 14 = -5*w - 2*s, -c*w = -5*s + 20. Let l be w*((-3)/2 + -2). What is the highest common divisor of l and 56?
7
Let f = 9 + -6. Suppose 4*u - f*u = 12. What is the greatest common divisor of u and 24?
12
Let v be 5/4*96/3. Suppose d - v = -4*d. What is the highest common divisor of 8 and d?
8
Let n(b) = 4*b - 9. Let o be n(8). What is the highest common divisor of o and 69?
23
Let q(g) = 115*g**2 - 2*g + 1. Let v be q(1). What is the highest common divisor of 38 and v?
38
Let c = -60 - -129. Let i = c + 85. What is the highest common divisor of i and 14?
14
Suppose 7*i + 170 = 12*i. Calculate the highest common factor of 17 and i.
17
Let m(r) = 2*r - 2. Let l(v) = 7*v - 6. Let a(b) = 4*l(b) - 11*m(b). Let i be a(1). Calculate the greatest common factor of 8 and i.
4
Let x be -18*((-8)/12 - 0). Let c be ((-9)/(-4))/((-27)/(-1008)). Calculate the greatest common factor of c and x.
12
Suppose -17 = r - 62. Suppose 0 = y - 3, 0 = -3*q - 0*q + 3*y + r. Calculate the highest common divisor of q and 6.
6
Suppose -29 = -s - 5*k, 3*s = 8*s + 3*k - 211. What is the greatest common factor of 77 and s?
11
Let i be (-1827)/(-45) - (-6)/(-10). Suppose 2*r + 2*r = -s + 18, 4*r = 3*s - 22. Calculate the highest common divisor of s and i.
10
Suppose 3*n + 7 = 2*n. Let c = 35 - n. Let k(x) = 3*x - 4. Let a be k(6). Calculate the highest common factor of c and a.
14
Suppose -3*z + 153 = 5*s, 4*z - 3*s - 239 = 2*s. Calculate the greatest common divisor of 7 and z.
7
Let b(p) be the second derivative of p**4/6 + p**3/6 + p**2 + 2*p. Let j be b(2). Calculate the highest common divisor of j and 3.
3
Let m = 16 + -4. Let o = 7 + -6. Let f be ((-8)/10)/(o/(-30)). Calculate the greatest common factor of m and f.
12
Suppose 11*d + 90 = 6*d. Let i = d + 22. What is the highest common factor of 4 and i?
4
Let w be -2 + 3 + 221 + -2. What is the highest common factor of w and 88?
44
Suppose 3*r + 5*n = 22 + 12, 0 = -3*n - 12. What is the highest common factor of r and 144?
18
Let i(v) = -3*v - 21. Let u be i(-10). Calculate the highest common divisor of 9 and u.
9
Let f be ((-84)/10)/((-3)/30). What is the greatest common factor of f and 12?
12
Suppose -5*z + 58 - 2 = -4*a, -2*z = 4*a - 28. Suppose -2*s + z = -5*i, -4*s + 3*i + 56 = i. What is the highest common divisor of 16 and s?
16
Suppose -3*a + 6*d - 3*d = 12, 2*d + 13 = -5*a. Let y be (a + (-17)/(-5))*220. Suppose 4*i = 3*i + 8. Calculate the highest common factor of y and i.
8
Suppose 8*k - 6*k = 180. Let w = k - 5. Suppose -7*v + v = -204. Calculate the greatest common divisor of w and v.
17
Let n = -260 - -379. What is the greatest common divisor of 17 and n?
17
Let u be 32/18 - (-12)/54. Suppose u*q + 4 = 4*q. Let w = 12 - q. Calculate the highest common factor of 4 and w.
2
Let z be 2/(3 - (-4)/(-4)) + 242. Calculate the greatest common divisor of 27 and z.
27
Let g = -34 - -48. Calculate the highest common factor of g and 7.
7
Suppose 5*r - 270 = -4*r. Calculate the highest common divisor of 135 and r.
15
Let k = 12 - 7. Suppose 16 = 5*y - 2*d, 0*y - y + 17 = -k*d. Let g(j) = -j + 8. Let b be g(5). Calculate the highest common factor of y and b.
1
Let q = 13 + -11. Suppose 0 = -0*n + 5*n + q*i - 11, -3*i - 6 = 0. Calculate the greatest common factor of 1 and n.
1
Let c(i) = -i**3 - 4*i**2 - 7*i - 6. Let z be c(-4). What is the highest common factor of 242 and z?
22
Let c = -8 + 14. Suppose -c*m = -3*m - 15. Let d(a) = -9*a - 5. Let y be d(-5). Calculate the greatest common divisor of y and m.
5
Let u = 14 - 11. Let f = 7 - u. What is the highest common divisor of f and 16?
4
Let k be -3 + 1 + -2 + 18. What is the highest common factor of k and 7?
7
Let a = -2 + 22. Let u = 264 - 260. Calculate the highest common divisor of u and a.
4
Suppose i + 63 - 234 = 0. Suppose -n + i = -3*t - 174, 3*n = 4*t + 1050. Let b = n + -200. Calculate the highest common divisor of 14 and b.
14
Let d be (-12)/(-9)*(-12)/(-8). Let h(m) = 4*m - 4. Let a be h(5). What is the highest common divisor of a and d?
2
Let k be 1/(-1 + (-21)/(-18)). Let c = 15 - k. Suppose 0 = -2*f - 3*p + 132, -2*p + 311 = 4*f + 31. What is the highest common factor of c and f?
9
Suppose 3*u - 448 = u. What is the greatest common divisor of 28 and u?
28
Let l = -17 + 17. Let d be ((4 - l) + -2)*28. Calculate the highest common divisor of 8 and d.
8
Suppose 0 = -2*m + 14 - 0. What is the highest common divisor of 7 and m?
7
Suppose a - 35 = 5*y, a - 2 - 3 = -y. Let p(f) = f**3 - 8*f**2 + 7*f + 10. Let t = 1 - -6. Let o be p(t). What is the greatest common factor of o and a?
10
Let m be (12 + 2 + -5)*4. Calculate the highest common divisor of m and 9.
9
Let m(g) = -g**2 - g - 4. Let o be m(-3). Let z(l) = -l**2 - 13*l + 3. Let n be z(o). What is the highest common factor of n and 3?
3
Let s(o) = 4*o - 5. Let j be s(2). Suppose 10 = f - 4*b, -23 = -j*f - f - b. What is the greatest common divisor of f and 2?
2
Let h be ((-12)/5)/(3/(-10)). Let d = -5 + h. Suppose -2*l + 45 = 3*z, -2*l - 26 = -d*l + 2*z. Calculate the greatest common factor of l and 3.
3
Suppose -2*b - 42 = b. Let i be (4/14)/((-2)/b). Let t be i*4 - (3 + 0). Calculate the greatest common divisor of 40 and t.
5
Let r be ((-315)/(-7))/(1 + -2). Let s be (r/(-6))/(9/12). Suppose -50 = -6*a + a. Calculate the greatest common factor of s and a.
10
Let s = -20 + 37. Let b = s - -8. Calculate the highest common divisor of 10 and b.
5
Let y = 212 - -44. Calculate the highest common divisor of y and 32.
32
Suppose -47 - 13 = -15*n. What is the highest common factor of 76 and n?
4
Let i = -75 + 77. Let d be 29/2 + (-1)/2. Calculate the greatest common divisor of d and i.
2
Suppose 3*f = -5*x + 400, f - 5*f + 505 = x. What is the greatest common factor of f and 25?
25
Let a(v) = -12*v - 3. Let w be a(-5). Suppose 14*c + 1900 = 64*c. Calculate the greatest common factor of c and w.
19
Let p(u) = u**3 + 3*u**2 + 3*u + 44. Let q be p(0). Calculate the greatest common factor of q and 44.
44
Let a(b) = -2*b**3 + 20*b**2 + b + 4. Let n be a(10). Calculate the highest common factor of 2 and n.
2
Let m be 1/4 + (-217)/(-28). What is the greatest common factor of m and 32?
8
Let n be ((-1)/(-1))/1 + 28. Suppose 3 = 3*c + 4*j - n, 3*j - 23 = -2*c. Suppose -5*q + c*q = -75. What is the highest common divisor of q and 15?
15
Let c = 305 - 123. Calculate the greatest common divisor of c and 26.
26
Let p = -1 - -3. Let x = 200 - 70. Suppose -x = -4*h - p*t, 3*h + t + t - 100 = 0. Calculate the greatest common divisor of 6 and h.
6
Suppose -10 + 5 = -f. What is the greatest common divisor of f and 55?
5
Let x(o) be the third derivative of -7*o**5/60 + o**4/24 + 2*o**2. Let y be x(1). Let h = 9 + y. What is the greatest common divisor of 12 and h?
3
Suppose 2*n - 28 - 64 = 0. Let o = -13 + n. Suppose b = 10 + 12. What is the highest common divisor of b and o?
11
Let s(i) = i**2 + 6*i + 5. Let y be s(-5). Let a = 4 + 2. Let t be (y + -3)*a/(-2). What is the greatest common factor of t and 9?
9
Suppose -3*p - 5*d + 38 = -0*d, 2*p - 28 = -4*d. Let o be 31 + 0 + p + -9. Calculate the highest common factor of o and 112.
28
Suppose -5*f = -2*f. Suppose -225 = -5*j - f*j. What is the highest common divisor of j and 18?
9
Let f be (12/3)/(0 + 1). Suppose -c - 6 - 10 = 5*b, -f*b - 32 = -4*c. Suppose -2*j = -34 - c. What is the greatest common factor of j and 19?
19
Suppose w + k - 5*k + 15 = 0, 0 = 5*w - 4*k - 5. What is the greatest common divisor of w and 25?
5
Let y(q) = -q. Let n be y(-3). Let p be (6/4)/(6/16). Suppose -p*o + n = -5. What is the greatest common divisor of o and 10?
2
Let l = 150 + -75. Calculate the greatest common divisor of l and 50.
25
Suppose 4*m + 50 = -r +